{"id":548,"date":"2020-12-03T12:21:31","date_gmt":"2020-12-03T12:21:31","guid":{"rendered":"https:\/\/radiologiarodenta.ro\/com\/?page_id=548"},"modified":"2020-12-03T12:21:31","modified_gmt":"2020-12-03T12:21:31","slug":"protezele-acrilice","status":"publish","type":"page","link":"https:\/\/radiologiarodenta.ro\/com\/protezele-acrilice\/","title":{"rendered":"Protezele acrilice"},"content":{"rendered":"<div id='av-layout-grid-1'  class='av-layout-grid-container entry-content-wrapper alternate_color av-flex-cells     avia-builder-el-0  el_before_av_layout_row  avia-builder-el-first  av-cell-min-height av-cell-min-height-35 container_wrap fullsize' style=' '   data-av_minimum_height_pc='35'>\n<div class=\"flex_cell no_margin av_one_full  avia-builder-el-1  avia-builder-el-no-sibling   avia-full-stretch \"  style='background:url(https:\/\/radiologiarodenta.ro\/com\/wp-content\/uploads\/2020\/12\/bg.jpg) center center no-repeat scroll; vertical-align:middle; padding:3% 15% 3% 15% ; ' ><div class='flex_cell_inner' ><p><div  style='height:50px' class='hr hr-invisible  av-desktop-hide  avia-builder-el-2  el_before_av_one_full  avia-builder-el-first '><span class='hr-inner ' ><span class='hr-inner-style'><\/span><\/span><\/div><br \/>\n<div class=\"flex_column av_one_full  flex_column_div av-zero-column-padding first  avia-builder-el-3  el_after_av_hr  el_before_av_hr  \" style='border-radius:0px; '><section class=\"av_textblock_section \"  itemscope=\"itemscope\" itemtype=\"https:\/\/schema.org\/CreativeWork\" ><div class='avia_textblock  '   itemprop=\"text\" ><h1 style=\"text-align: left;\">Protezele acrilice<\/h1>\n<\/div><\/section><\/div><div  style='height:50px' class='hr hr-invisible  av-desktop-hide  avia-builder-el-5  el_after_av_one_full  avia-builder-el-last '><span class='hr-inner ' ><span class='hr-inner-style'><\/span><\/span><\/div><\/p>\n<\/div><\/div><\/div><div id='av-layout-grid-2'  class='av-layout-grid-container entry-content-wrapper main_color av-flex-cells     avia-builder-el-6  el_after_av_layout_row  el_before_av_layout_row  submenu-not-first container_wrap fullsize' style=' '  >\n<div class=\"flex_cell no_margin av_one_full  avia-builder-el-7  avia-builder-el-no-sibling   avia-full-stretch \"  style='background:url(https:\/\/radiologiarodenta.ro\/com\/wp-content\/uploads\/2020\/12\/white-dentis-3.jpg) top right no-repeat fixed; vertical-align:middle; padding:3% 15% 3% 15% ; ' ><div class='flex_cell_inner' ><div class='flex_column_table av-equal-height-column-flextable -flextable' ><div class=\"flex_column av_one_full  av-animated-generic top-to-bottom  flex_column_table_cell av-equal-height-column av-align-middle av-zero-column-padding first  avia-builder-el-8  avia-builder-el-no-sibling  \" style='border-radius:0px; '><section class=\"av_textblock_section \"  itemscope=\"itemscope\" itemtype=\"https:\/\/schema.org\/CreativeWork\" ><div class='avia_textblock  '   itemprop=\"text\" ><h4>Protezele acrilice sunt lucr\u0103ri protetice mobile par\u0163iale sau totale, efectuate pentru \u00eenlocuirea din\u0163ilor lips\u0103 \u015fi restabilirea func\u0163iilor pierdute ale sistemului oro-facial: mastica\u0163ie, fona\u0163ie \u015fi fizionomie.<\/h4>\n<p>Baza protezei se poate face din r\u0103\u015fini acrilice de culoarea roz asem\u0103n\u0103toare gingiilor, sau din material transparent.<\/p>\n<p>Dup\u0103 pierderea din\u0163ilor naturali, maxilarul \u015fi gingia se modific\u0103 permanent, astfel \u00eenc\u00e2t proteza nu se va mai potrivi ca la \u00eenceput. Din acest motiv proteza trebuie s\u0103 fie rebazat\u0103 \u015fi chiar schimbat\u0103, atunci c\u00e2nd pacientul simte c\u0103 se pierde din stabilitatea protezei.<\/p>\n<p><strong>Proteza total\u0103 imediat\u0103<\/strong><\/p>\n<ul>\n<li>se inser\u0103 imediat dup\u0103 extrac\u0163ia din\u0163ilor<\/li>\n<li>este nevoie de o amprent\u0103 a maxilarelor \u00eentr-o \u015fedin\u0163\u0103 anterioar\u0103 extrac\u0163iilor<\/li>\n<li>are avantajul de a nu l\u0103sa pacientul timp \u00eendelungat f\u0103r\u0103 din\u0163i<\/li>\n<li>va fi nevoie de c\u0103ptu\u015firea acestor proteze dup\u0103 c\u00e2teva luni<\/li>\n<li>dup\u0103 vindecarea c\u00e2mpului protetic se poate realiza proteza total\u0103 definitiv\u0103.<\/li>\n<\/ul>\n<p>Proteza partial\u0103 poate fi acrilic\u0103 (se sprijin\u0103 de din\u0163ii vecini cu cro\u015fete metalice) sau flexibil\u0103 (care se sprijin\u0103 pe din\u0163ii vecini prin cro\u015fete elastice, de culoarea dintelui \u2013 este mult mai estetic\u0103) sau scheletat\u0103 \u2013 se sprijin\u0103 pe un cadru metalic ata\u015fat la din\u0163ii naturali r\u0103ma\u015fi.<\/p>\n<p><strong>Avantajele protezelor acrilice:<\/strong><\/p>\n<ul>\n<li>Cel mai important avantaj este pre\u0163ul sc\u0103zut<\/li>\n<li>U\u015furin\u0163a cu care pot fi ad\u0103uga\u0163i din\u0163ii pe protez\u0103 ulterior, \u00een cazul \u00een care pacientul pierde din din\u0163ii naturali<\/li>\n<\/ul>\n<p><strong>Dezavantajele protezelor acrilice:<\/strong><\/p>\n<ul>\n<li>Calitatea nu este cea mai ideal\u0103. R\u0103\u015finile acrilice pot s\u0103 produc\u0103 irita\u0163ii a mucoaselor \u015fi gingiilor la unii pacien\u0163i. Fiind din material plastic, exist\u0103 riscul fractur\u0103rii<\/li>\n<li>Protezele par\u0163iale acrilice \u015fi flexibile sunt mai pu\u0163in stabile comparativ cu protezele scheletate<\/li>\n<\/ul>\n<p><strong>Sfaturi necesare acomod\u0103rii cu proteza mobil\u0103.<\/strong><br \/>\nPurta\u0163i \u00een permanen\u0163\u0103 proteza dentar\u0103, numai astfel v\u0103 ve\u0163i putea obi\u0219nui cu acel \u201ecorp str\u0103in&#8221; care ocup\u0103 cavitatea bucal\u0103. Purta\u0163i proteza dentar\u0103 inclusiv atunci c\u00e2nd dormi\u0163i, \u00een timpul somnului au loc procese biologice de adaptare.<\/p>\n<p>Evita\u0163i alimentele lipicioase sau tari (nuci, nuga, caramele, chifle tari).<\/p>\n<ul>\n<li>Vorbitul cu proteza dentar\u0103 este u\u015for \u201e\u015fuierat&#8221;. Nu v\u0103 \u00eengrijora\u0163i, o s\u0103 dispar\u0103 cu timpul<\/li>\n<li>Citi\u0163i cu voce tare, vorbi\u0163i cu prietenii, deoarece exerci\u0163iul duce la o acomodare tot mai bun\u0103<\/li>\n<li>\u00cen primele dou\u0103 s\u0103pt\u0103m\u00e2ni, m\u00e2nca\u0163i doar alimente moi \u015fi m\u0103run\u0163ite, care pot fi mestecate cu u\u015furin\u0163\u0103<\/li>\n<li>\u00cencerca\u0163i s\u0103 mesteca\u0163i alimentele pe ambele p\u0103r\u0163i, astfel \u00eenc\u00e2t s\u0103 nu se balanseze proteza<\/li>\n<li>Dac\u0103 ave\u0163i probleme cu fixarea protezei, pute\u0163i folosi adezivi speciali care ajut\u0103 la realizarea unei stabilit\u0103\u0163i foarte bune<\/li>\n<\/ul>\n<\/div><\/section><\/div><\/div><!--close column table wrapper. Autoclose: 1 -->\n<\/div><\/div><\/div><div id='av-layout-grid-3'  class='av-layout-grid-container entry-content-wrapper alternate_color av-flex-cells     avia-builder-el-10  el_after_av_layout_row  avia-builder-el-last  submenu-not-first container_wrap fullsize' style=' '  >\n<div class=\"flex_cell no_margin av_one_full  avia-builder-el-11  avia-builder-el-no-sibling   \"  style='vertical-align:top; padding:3% 15% 3% 15% ; ' ><div class='flex_cell_inner' ><p><div class=\"flex_column av_one_full  av-animated-generic top-to-bottom  flex_column_div av-zero-column-padding first  avia-builder-el-12  el_before_av_one_full  avia-builder-el-first  \" style='border-radius:0px; '><section class=\"av_textblock_section \"  itemscope=\"itemscope\" itemtype=\"https:\/\/schema.org\/CreativeWork\" ><div class='avia_textblock  '   itemprop=\"text\" ><h2 style=\"text-align: left;\">Intrebari frecvente:<\/h2>\n<\/div><\/section><br \/>\n<div  class=\"togglecontainer   toggle_close_all  avia-builder-el-14  el_after_av_textblock  avia-builder-el-last \" >\n<section class=\"av_toggle_section\"  itemscope=\"itemscope\" itemtype=\"https:\/\/schema.org\/CreativeWork\"  >    <div role=\"tablist\" class=\"single_toggle\" data-tags=\"{Toate} \"  >        <p data-fake-id=\"#toggle-id-1\" class=\"toggler \"  itemprop=\"headline\"    role=\"tab\" tabindex=\"0\" aria-controls=\"toggle-id-1\">Care este metoda de realizare a protezei acrilice<span class=\"toggle_icon\" >        <span class=\"vert_icon\"><\/span><span class=\"hor_icon\"><\/span><\/span><\/p>        <div id=\"toggle-id-1\" class=\"toggle_wrap \"  >            <div class=\"toggle_content invers-color \"  itemprop=\"text\"   ><p>Dup\u0103 evaluarea situa\u0163iei clinice se vor extrage din\u0163ii restan\u0163i care sunt irecuperabili. Dup\u0103 extrac\u0163ie, vindecarea gingiilor dureaz\u0103 c\u00e2teva luni, timp \u00een care pacientul va purta o protez\u0103 temporar\u0103.<\/p>\n<p><strong>Pa\u015fii prin care se realizeaz\u0103 protezarea:<\/strong><\/p>\n<ol>\n<li>Amprentarea c\u00e2mpului protetic<br \/>\nDup\u0103 vindecarea total\u0103 a \u0163esuturilor orale poate s\u0103 \u00eenceap\u0103 procedura de realizare a protezei acrilice. Proteza perfect\u0103 este o adevarat\u0103 provocare, chiar \u015fi pentru profesioni\u015fti, iar momentul cel mai critic al realiz\u0103rii protezei este amprentarea c\u00e2mpului protetic.<br \/>\nDe obicei se realizeaz\u0103 dou\u0103 amprent\u0103ri, una preliminar\u0103 \u015fi una final\u0103.<\/li>\n<li>Determinarea rela\u0163iilor intermaxilare<br \/>\nSe ob\u0163ine cu ajutorul \u015fabloanelor de ocluzie realizate de tehnician dup\u0103 modelul func\u0163ional. \u015eabloanele se adapteaz\u0103 foarte bine pe suprafa\u0163a mucozal\u0103 a modelului final \u015fi prefigureaz\u0103 arcada dentar\u0103 a protezei totale.<br \/>\nApoi se determin\u0103 nivelul \u015fi direc\u0163ia planului de ocluzie cu ajutorul \u015fablonului maxilar situat \u00een cavitatea oral\u0103.<br \/>\n\u00cenainte de stabilirea formei finale a \u015fabloanelor se vor determina \u015fi urm\u0103toarele repere: linia median\u0103, linia sur\u00e2sului \u015fi linia caninilor.<\/li>\n<li>Alegerea \u015fi montarea din\u0163ilor<br \/>\nPentru din\u0163ii frontali \u015fi cei laterali se iau \u00een considerare \u00een\u0103l\u0163imea \u015fi l\u0103\u0163imea dintelui. Forma din\u0163ilor frontali trebuie s\u0103 aib\u0103 \u00een vedere particularit\u0103\u0163ile pacientului, pentru a ajunge la o armonie dento-facial\u0103 \u015fi dento-somatic\u0103.<br \/>\nDup\u0103 proba machetei \u00een cavitatea bucal\u0103 se trece la realizarea machetei definitive \u015fi transformarea machetei de cear\u0103 \u00een proteza finit\u0103.<\/li>\n<li>Aplicarea protezei \u00een cavitatea bucal\u0103<\/li>\n<\/ol>\n            <\/div>        <\/div>    <\/div><\/section>\n<section class=\"av_toggle_section\"  itemscope=\"itemscope\" itemtype=\"https:\/\/schema.org\/CreativeWork\"  >    <div role=\"tablist\" class=\"single_toggle\" data-tags=\"{Toate} \"  >        <p data-fake-id=\"#toggle-id-2\" class=\"toggler \"  itemprop=\"headline\"    role=\"tab\" tabindex=\"0\" aria-controls=\"toggle-id-2\">Cum trebuie \u00eengrijit\u0103 proteza?<span class=\"toggle_icon\" >        <span class=\"vert_icon\"><\/span><span class=\"hor_icon\"><\/span><\/span><\/p>        <div id=\"toggle-id-2\" class=\"toggle_wrap \"  >            <div class=\"toggle_content invers-color \"  itemprop=\"text\"   ><p>Cur\u0103\u0163a\u0163i proteza zilnic, dac\u0103 este posibil dup\u0103 fiecare mas\u0103, cu o periu\u0163\u0103 pentru proteze cu detergen\u0163i neabrazivi. O dat\u0103 pe zi folosi\u0163i solu\u0163ii dezinfectante \u015fi odorizante ob\u0163inute prin dizolvarea tabletelor efervescente de cur\u0103\u0163are.<\/p>\n<p>\u00centotdeauna manevra\u0163i proteza deasupra unui prosop sau deasupra chiuvetei pline cu ap\u0103. Dac\u0103 o sc\u0103pa\u021bi, se poate sparge.<\/p>\n<p>Peria\u021bi gingiile, limba \u015fi palatul \u00een fiecare diminea\u0163\u0103 cu o periu\u0163\u0103 moale, \u00eenainte de fixarea protezei. Astfel ve\u0163i stimula circula\u0163ia \u00een \u0163esuturi \u015fi ve\u0163i \u00eendep\u0103rta placa bacterian\u0103.<\/p>\n            <\/div>        <\/div>    <\/div><\/section>\n<section class=\"av_toggle_section\"  itemscope=\"itemscope\" itemtype=\"https:\/\/schema.org\/CreativeWork\"  >    <div role=\"tablist\" class=\"single_toggle\" data-tags=\"{Toate} \"  >        <p data-fake-id=\"#toggle-id-3\" class=\"toggler \"  itemprop=\"headline\"    role=\"tab\" tabindex=\"0\" aria-controls=\"toggle-id-3\">Ce pot face dac\u0103 proteza cauzeaz\u0103 disconfort?<span class=\"toggle_icon\" >        <span class=\"vert_icon\"><\/span><span class=\"hor_icon\"><\/span><\/span><\/p>        <div id=\"toggle-id-3\" class=\"toggle_wrap \"  >            <div class=\"toggle_content invers-color \"  itemprop=\"text\"   ><p>Dac\u0103 proteza apas\u0103 gingia, cauz\u00e2nd inflama\u0163ii sau r\u0103ni ale mucoasei, trebuie s\u0103 merge\u0163i la medicul stomatolog de urgen\u0163\u0103. Majoritatea repara\u0163iilor pot fi f\u0103cute pe loc, sau \u00een timp scurt.<\/p>\n            <\/div>        <\/div>    <\/div><\/section>\n<\/div><\/p><\/div><div class=\"flex_column av_one_full  av-animated-generic top-to-bottom  flex_column_div av-zero-column-padding first  avia-builder-el-15  el_after_av_one_full  avia-builder-el-last  column-top-margin\" style='border-radius:0px; ' id=\"formintrebari\" ><section class=\"av_textblock_section \"  itemscope=\"itemscope\" itemtype=\"https:\/\/schema.org\/CreativeWork\" ><div class='avia_textblock  '   itemprop=\"text\" ><h2 style=\"text-align: left;\">Ave\u021bi o \u00eentrebare?<\/h2>\n<p>\u00cen cazul \u00een care informa\u021biile prezentate pe acest site nu v\u0103 sunt suficiente, v\u0103 rug\u0103m s\u0103 ne adresa\u021bi \u00eentreb\u0103rile dumneavoastre prin intermediul acestui formular:<\/p>\n<\/div><\/section><br \/>\n<form action=\"https:\/\/radiologiarodenta.ro\/com\/protezele-acrilice\/\" method=\"post\"  class=\"avia_ajax_form av-form-labels-hidden   avia-builder-el-17  el_after_av_textblock  avia-builder-el-last   \" data-avia-form-id=\"1\" data-avia-redirect='' ><fieldset><p class='  first_form  form_element form_element_third' id='element_avia_1_1'><label for=\"avia_1_1\">Nume <abbr class=\"required\" title=\"required\">*<\/abbr><\/label> <input name=\"avia_1_1\" class=\"text_input is_empty\" type=\"text\" id=\"avia_1_1\" value=\"\"  placeholder='Nume*'\/><\/p><p class='  form_element form_element_third' id='element_avia_2_1'><label for=\"avia_2_1\">Mail <abbr class=\"required\" title=\"required\">*<\/abbr><\/label> <input name=\"avia_2_1\" class=\"text_input is_empty\" type=\"text\" id=\"avia_2_1\" value=\"\"  placeholder='Mail*'\/><\/p><p class='  form_element form_element_third' id='element_avia_3_1'><label for=\"avia_3_1\">Telefon <abbr class=\"required\" title=\"required\">*<\/abbr><\/label> <input name=\"avia_3_1\" class=\"text_input is_empty\" type=\"text\" id=\"avia_3_1\" value=\"\"  placeholder='Telefon*'\/><\/p><p class='  first_form  form_element form_element_two_third av-last-visible-form-element' id='element_avia_4_1'><label for=\"avia_4_1\">\u00centrebare <abbr class=\"required\" title=\"required\">*<\/abbr><\/label> <input name=\"avia_4_1\" class=\"text_input is_empty\" type=\"text\" id=\"avia_4_1\" value=\"\"  placeholder='\u00centrebare*'\/><\/p><p class=\"hidden\"><input type=\"text\" name=\"avia_5_1\" class=\"hidden \" id=\"avia_5_1\" value=\"\" \/><\/p><p class=\"form_element form_element_third modified_width\"><input type=\"hidden\" value=\"1\" name=\"avia_generated_form1\" \/><input type=\"submit\" value=\"Trimite\" class=\"button\"  data-sending-label=\"Sending\"\/><\/p><\/fieldset><\/form><div id=\"ajaxresponse_1\" class=\"ajaxresponse ajaxresponse_1 hidden\"><\/div><\/p><\/div><\/p>\n<\/div><\/div><\/div><\/p>\n","protected":false},"excerpt":{"rendered":"","protected":false},"author":1,"featured_media":0,"parent":0,"menu_order":0,"comment_status":"closed","ping_status":"closed","template":"","meta":[],"_links":{"self":[{"href":"https:\/\/radiologiarodenta.ro\/com\/wp-json\/wp\/v2\/pages\/548"}],"collection":[{"href":"https:\/\/radiologiarodenta.ro\/com\/wp-json\/wp\/v2\/pages"}],"about":[{"href":"https:\/\/radiologiarodenta.ro\/com\/wp-json\/wp\/v2\/types\/page"}],"author":[{"embeddable":true,"href":"https:\/\/radiologiarodenta.ro\/com\/wp-json\/wp\/v2\/users\/1"}],"replies":[{"embeddable":true,"href":"https:\/\/radiologiarodenta.ro\/com\/wp-json\/wp\/v2\/comments?post=548"}],"version-history":[{"count":1,"href":"https:\/\/radiologiarodenta.ro\/com\/wp-json\/wp\/v2\/pages\/548\/revisions"}],"predecessor-version":[{"id":549,"href":"https:\/\/radiologiarodenta.ro\/com\/wp-json\/wp\/v2\/pages\/548\/revisions\/549"}],"wp:attachment":[{"href":"https:\/\/radiologiarodenta.ro\/com\/wp-json\/wp\/v2\/media?parent=548"}],"curies":[{"name":"wp","href":"https:\/\/api.w.org\/{rel}","templated":true}]}}